, what is -5 + 3316?
3311
In base 3, what is -210011 - -11?
-210000
In base 6, what is 1324 - -1?
1325
In base 7, what is 1246 - 0?
1246
In base 16, what is -3b - 4?
-3f
In base 8, what is 1 - 310?
-307
In base 4, what is 11 - 1032020?
-1032003
In base 3, what is -112 - 10?
-122
In base 16, what is -56a - -3?
-567
In base 15, what is a + 267?
272
In base 8, what is -3 - -5747?
5744
In base 2, what is -11 + 110100010?
110011111
In base 8, what is 32 + 400?
432
In base 13, what is 2 + -201?
-1cc
In base 5, what is 31 + 1020?
1101
In base 9, what is -5 + -42?
-47
In base 10, what is 32 + 5?
37
In base 14, what is -2a4 + -5?
-2a9
In base 6, what is -2 - -233?
231
In base 6, what is -3 + 50?
43
In base 16, what is -2 - -11f?
11d
In base 6, what is -4 - 433?
-441
In base 3, what is 10 - 11021?
-11011
In base 11, what is 22924 + -1?
22923
In base 8, what is 12555 + -4?
12551
In base 13, what is 18 + 153?
16b
In base 10, what is -5 + 13?
8
In base 15, what is b6 - 3?
b3
In base 4, what is 0 - 122?
-122
In base 4, what is 1 + -202?
-201
In base 10, what is -295 - 3?
-298
In base 2, what is -1110 - -11001?
1011
In base 4, what is 1021 - -1?
1022
In base 4, what is 3 + -3231?
-3222
In base 7, what is 14 - -166?
213
In base 4, what is 113 + 21210?
21323
In base 10, what is -8 + -16?
-24
In base 7, what is 55 - 3?
52
In base 13, what is 7a8 + -2?
7a6
In base 3, what is 1 + -1121?
-1120
In base 10, what is -4 - 22?
-26
In base 3, what is 20020 - 110?
12210
In base 13, what is -2b - 51?
-7c
In base 5, what is -2 - 2204?
-2211
In base 6, what is -5 + 121?
112
In base 7, what is -3 - 523?
-526
In base 7, what is 56 + -132?
-43
In base 2, what is 1 - -101101?
101110
In base 16, what is -3 - -391?
38e
In base 10, what is 97 + -39?
58
In base 7, what is 14 - 41?
-24
In base 6, what is -2 + -11453?
-11455
In base 8, what is 24 + -56?
-32
In base 11, what is 9 + 23?
31
In base 16, what is -6 - -3c?
36
In base 6, what is -215 + -34?
-253
In base 11, what is -13 + 57?
44
In base 10, what is -83 + 3?
-80
In base 5, what is 23 + 310?
333
In base 5, what is 110423 + 4?
110432
In base 16, what is -1 - -133?
132
In base 14, what is 16 - 3?
13
In base 4, what is 323 + 1?
330
In base 3, what is 12 + 1020122?
1020211
In base 6, what is 1 - 3341?
-3340
In base 2, what is -10 + 101100?
101010
In base 5, what is -113330 + 0?
-113330
In base 4, what is -30123 + -2?
-30131
In base 11, what is -212 - 3?
-215
In base 14, what is -21 + 3?
-1c
In base 2, what is -101000000 + 10?
-100111110
In base 9, what is 10 - -362?
372
In base 16, what is -d - -5?
-8
In base 15, what is -4 + 8?
4
In base 11, what is -42 - -12?
-30
In base 5, what is -2 + 211?
204
In base 15, what is 112 - 1?
111
In base 3, what is 10 - 11121?
-11111
In base 4, what is 1033 + -13?
1020
In base 2, what is -1000010 - -1111?
-110011
In base 15, what is 1db0 - -3?
1db3
In base 11, what is 5 - -2a4?
2a9
In base 2, what is -11 + 10000100100?
10000100001
In base 11, what is -3 + -282?
-285
In base 6, what is 1 - -53332?
53333
In base 9, what is -3 - -847?
844
In base 10, what is -8105 - 5?
-8110
In base 6, what is 535 + 4?
543
In base 7, what is -24 - 45?
-102
In base 3, what is -122 + 1221?
1022
In base 2, what is 0 + 1000100?
1000100
In base 2, what is 10 + -10?
0
In base 6, what is -1004 - 12?
-1020
In base 9, what is 158 - -2?
161
In base 6, what is 102 + 13?
115
In base 9, what is -4 - 83?
-87
In base 12, what is 13 + -10?
3
In base 14, what is -35 - -2?
-33
In base 4, what is 101 + -11?
30
In base 10, what is -3037 - 1?
-3038
In base 15, what is 0 + 2be?
2be
In base 4, what is -311 + -11?
-322
In base 9, what is -150 - -3?
-146
In base 3, what is 10 + -21112?
-21102
In base 3, what is -1121220 + -2?
-1121222
In base 14, what is 4 + -341?
-33b
In base 11, what is -8a7 - 4?
-900
In base 8, what is 732 - -5?
737
In base 10, what is 4 + -1350?
-1346
In base 7, what is 4 + 253?
260
In base 9, what is -3 + -12?
-15
In base 11, what is -4 + -3a?
-43
In base 13, what is 0 + 30?
30
In base 5, what is -210 + -2034?
-2244
In base 16, what is 19 - -8?
21
In base 5, what is -3332 - -10?
-3322
In base 6, what is -12 + -1445?
-1501
In base 6, what is -3451 - -3?
-3444
In base 3, what is -20 + -101110?
-101200
In base 11, what is -180 + 44?
-137
In base 3, what is -1120 + 102?
-1011
In base 4, what is 301 + 21?
322
In base 7, what is 5 - -64?
102
In base 8, what is 2 + 24?
26
In base 14, what is 8d8 - 5?
8d3
In base 11, what is 1 - -692?
693
In base 12, what is 26 - 10?
16
In base 12, what is 24 - 6?
1a
In base 9, what is 73 + 3?
76
In base 16, what is 3 + -79?
-76
In base 12, what is -215 + -1?
-216
In base 4, what is -20 - 1033?
-1113
In base 5, what is -1124 - -12?
-1112
In base 15, what is dc + -1?
db
In base 13, what is -5 - -1836?
1831
In base 4, what is -103 + 3221?
3112
In base 5, what is -22434 - 2?
-22441
In base 6, what is 1131 + -3?
1124
In base 8, what is -6 + 165?
157
In base 10, what is 338 + 0?
338
In base 6, what is -20213 - 1?
-20214
In base 8, what is 15 - 101?
-64
In base 11, what is -20 - -143?
123
In base 5, what is 1 - -1124?
1130
In base 16, what is -9 - 0?
-9
In base 10, what is -17 + 3?
-14
In base 9, what is -21 - -65?
44
In base 7, what is -31 - -304?
243
In base 16, what is 5 + 495?
49a
In base 11, what is 14 - 55?
-41
In base 3, what is -10 + -12101?
-12111
In base 14, what is 2 - 1c38?
-1c36
In base 4, what is 12 + -11?
1
In base 14, what is -194 - -3?
-191
In base 6, what is -53 + 2?
-51
In base 7, what is -133 - 66?
-232
In base 2, what is -10000001011 - 101?
-10000010000
In base 11, what is 550 - -4?
554
In base 11, what is 15 + -691?
-677
In base 7, what is -4 + 1162?
1155
In base 4, what is 3 - 11221?
-11212
In base 16, what is -878 + -6?
-87e
In base 3, what is -12 - -220000?
212211
In base 3, what is -11101102 - 10?
-11101112
In base 4, what is 10 + 12222?
12232
In base 9, what is -14 + -128?
-143
In base 14, what is 151 + 2?
153
In base 12, what is -65 - -5?
-60
In base 12, what is 0 + 11?
11
In base 2, what is -10010 - 111111001?
-1000001011
In base 2, what is 1 - 101110?
-101101
In base 9, what is 3 + -17?
-14
In base 2, what is -100001010 - 1?
-100001011
In base 16, what is -5 - -86e?
869
In base 3, what is 2 - -202112?
202121
In base 9, what is 6 - -4732?
4738
In base 2, what is 110110 - 0?
110110
In base 11, what is 1 - -47?
48
In base 11, what is -6756 - -1?
-6755
In base 12, what is -67 + -59?
-104
In base 10, what is 4 + 1251?
1255
In base 13, what is -13 + -c?
-22
In base 2, what is 110011010001 - 101?
110011001100
In base 8, what is 3 - -2212?
2215
In base 16, what is -cf + 2?
-cd
In base 4, what is -212 - -10?
-202
In base 11, what is 36 + 4?
3a
In base 14, what is -2 - -65?
63
In base 7, what is 3 + -2150?
-2144
In base 3, what is -10 - -11120?
11110
In base 5, what is 1 + 31?
32
In base 15, what is 5 - -21?
26
In base 13, what is 5 - 148?
-143
In base 12, what is -5 - -31a6?
31a1
In base 7, what is 321 - 101?
220
In base 15, what is 8c8 - 1?
8c7
In base 9, what is 660 + 3?
663
In base 2, what is 10011 - 11?
10000
In base 2, what is 100110011001 - 1?
100110011000
In base 7, what is -12 + -3?
-15
In base 2, what is 0 - -10011010?
10011010
In base 11, what is 16 - -79?
94
In base 12, what is -6 - -10?
6
In base 5, what is 4231 - -31?
4312
In base 12, what is 444 + -4?
440
In base 5, what is -133332 + -10?
-133342
In base 11, what is -1 + -66?
-67
In base 7, what is 632 - 2?
630
In base 16, what is 33 + 41?
74
In base 5, what is -334 + 1100?
211
In base 8, what is -1 + 347?
346
In base 11, what is 2a6 - 5?
2a1
In base 2, what is -111000 - -11?
-110101
In base 10, what is 127 + 1?
128
In base 2, what is -1 + 100?
11
In base 2, what is -1010011 - 100010?
-1110101
In base 13, what is -5 - 39?
-41
In base 2, what is -101001001 + -100011?
-101101100
In base 8, what is 65 + -14?
51
In base 6, what is -4121 - 1?
-4122
In base 4, what is 101 - -1211?
1312
In base 13, what is -1 - c?
-10
In base 3, what is -101222011 - -10?
-101222001
In base 3, what is 212022001 + 2?
212022010
In base 2, what is 0 + 10010100?
10010100
In base 12, what is 23 + -7?
18
In base 12, what is 6 - 88?
-82
In base 16, what is 21 + -45?
-24
In base 12, what is 110 - -1?
111
In base 12, what is 77 + -2?
75
In base